 + 32*q + 17. Determine a(8).
209
Let j(o) = -2*o**3 + 3*o**2 + 6*o + 8. Determine j(-2).
24
Let z(j) = 4*j**2 + 62*j + 55. What is z(-14)?
-29
Let o(i) = -102*i - 216. Determine o(-3).
90
Let j(i) = i**3 - 13*i**2 + 23*i - 5. Calculate j(11).
6
Let d(q) = 6*q**2 + 159*q + 829. Give d(-7).
10
Let h(c) = 145*c - 1606. Give h(10).
-156
Let p(f) = -107*f**3 + 3*f**2 + 2*f + 3. Give p(-1).
111
Let n(i) = -303*i**2 + 5465*i - 212. Calculate n(18).
-14
Let q(g) = 4*g**3 + 49*g**2 + 12*g + 1. What is q(-12)?
1
Let h(z) = z**3 - 23*z**2 + 22*z - 10. Give h(22).
-10
Let x(b) = -86*b**2 + 24*b + 7. Calculate x(-2).
-385
Let b(d) = 7*d**3 + 126*d**2 + 14*d - 109. Determine b(-18).
-361
Let g(m) = -100*m - 19096. Calculate g(-191).
4
Let h(o) = -2*o**2 - 95*o + 600. Give h(-53).
17
Let w(d) = 3*d**2 + 44*d + 194. Calculate w(-9).
41
Let h(q) = -67*q - 94. Calculate h(-4).
174
Let q(x) = -x**2 + 22*x + 61. What is q(25)?
-14
Let f(d) = -110*d + 1065. Calculate f(9).
75
Let h(y) = 130*y + 6636. What is h(-51)?
6
Let m(d) = 29*d**3 + 19*d**2 - 21*d. What is m(1)?
27
Let u(m) = -538*m - 2128. Determine u(-4).
24
Let z(q) = -q**2 - 100*q + 291. Give z(-103).
-18
Let i(n) = -n**2 + 88*n - 335. Determine i(4).
1
Let f(c) = 65*c - 166. Calculate f(5).
159
Let c(d) = 96*d**3 + 187*d**2 - 7*d - 7. Give c(-2).
-13
Let u(i) = -53*i**2 + 14*i - 16. Give u(1).
-55
Let k(d) = d**3 - 64*d**2 - 2225*d + 8. Give k(89).
8
Let d(c) = 37*c**2 - 80*c - 167. What is d(-2)?
141
Let p(f) = -f**2 + 190*f - 1109. What is p(6)?
-5
Let j(h) = 11*h**2 + 53*h - 21. Determine j(-6).
57
Let n(c) = -478*c + 1449. Give n(3).
15
Let g(h) = -84*h - 3691. Determine g(-44).
5
Let i(c) = 2*c**2 + 69*c + 537. Calculate i(-12).
-3
Let j(n) = n**3 - 41*n**2 - 43*n + 71. What is j(42)?
29
Let g(s) = -2*s**2 - 21*s + 49. Give g(-13).
-16
Let y(n) = 65*n + 1066. Calculate y(-16).
26
Let m(x) = 65*x**3 - 129*x**2 - 2*x - 4. Determine m(2).
-4
Let n(t) = -2*t**3 - 94*t**2 + 98*t + 110. Calculate n(-48).
14
Let h(w) = w**2 + 50*w - 2073. Give h(27).
6
Let t(r) = -3*r**2 + 43*r + 692. Determine t(-13).
-374
Let f(m) = -m**2 - 55*m - 603. What is f(-15)?
-3
Let l(b) = b**3 + 4*b**2 - 12*b + 2. Determine l(5).
167
Let z(m) = 1263*m - 6295. What is z(5)?
20
Let q(b) = -8*b + 511. What is q(-9)?
583
Let g(x) = -10*x - 47. Give g(-19).
143
Let m(h) = -h**2 + 9*h + 25. Give m(-5).
-45
Let q(s) = -s - 29. Determine q(15).
-44
Let m(x) = 4*x**3 + 2*x**2 - 36*x + 108. Determine m(6).
828
Let p(u) = 1050*u - 15. What is p(0)?
-15
Let b(g) = g**2 + 35*g - 26. Give b(-34).
-60
Let u(c) = -c**2 + 275*c + 5593. Give u(-19).
7
Let t(c) = -c**2 - 200*c - 8868. Determine t(-67).
43
Let j(c) = c**3 - 11*c**2 + c + 171. Determine j(8).
-13
Let g(n) = -203*n**2 + 34. What is g(-2)?
-778
Let j(n) = -n**2 - 15*n + 13. What is j(-12)?
49
Let t(k) = -k**3 + 9*k**2 - 3*k - 80. Give t(7).
-3
Let f(b) = -2*b**2 + 499*b + 9894. What is f(268)?
-22
Let f(u) = -u**3 + 8*u**2 - 5*u + 26. What is f(9)?
-100
Let v(g) = -92*g - 184. Determine v(-2).
0
Let l(c) = c**3 + c**2 - 20*c - 22. Calculate l(-1).
-2
Let n(r) = r**3 + 12*r**2 + 18*r - 22. Determine n(-8).
90
Let n(g) = g**2 + 496*g + 5308. Calculate n(-11).
-27
Let k(b) = -2*b**3 - 4*b**2 + 7*b + 17. Determine k(-4).
53
Let v(a) = a**3 - 33*a**2 - a + 23. Determine v(33).
-10
Let c(f) = 28*f**2 - 54*f + 31. What is c(2)?
35
Let g(t) = -4*t**3 + 271*t**2 + 1224*t. What is g(72)?
0
Let i(c) = -2*c**3 - 55*c**2 + 621*c + 328. Determine i(-36).
4
Let d(y) = y**2 + 100*y - 4557. Give d(34).
-1
Let v(g) = 1228*g - 12277. Give v(10).
3
Let n(d) = d**3 + 99*d**2 - 205*d - 310. Determine n(-101).
-7
Let y(v) = -15*v**3 + 5*v**2 - 12*v + 11. Give y(2).
-113
Let t(c) = 2*c**2 - 91*c + 974. Determine t(26).
-40
Let o(r) = -r**3 - r**2 + 8*r + 704. Give o(0).
704
Let g(b) = b**3 - 3*b**2 - 913*b + 2739. Give g(3).
0
Let n(q) = 4*q + 106. What is n(-24)?
10
Let f(w) = -26*w + 219. Calculate f(9).
-15
Let o(y) = 2*y**2 + 76*y - 6. Determine o(-39).
72
Let w(f) = 19262*f + 77054. What is w(-4)?
6
Let b(y) = 3*y**3 - 44*y**2 - 361*y + 5194. Calculate b(15).
4
Let m(x) = x**3 - 109*x**2 + 2372*x - 159. Calculate m(79).
-1
Let b(g) = 4*g**3 - 323*g**2 + 241*g - 112. What is b(80)?
-32
Let a(j) = -3*j**2 - 25*j + 142. Determine a(-17).
-300
Let s(b) = b**2 - 36*b - 445. Calculate s(0).
-445
Let h(x) = 7*x - 56. What is h(18)?
70
Let x(n) = -2*n**2 - 19*n - 69. Give x(-7).
-34
Let f(u) = -30*u - 2883. Calculate f(-95).
-33
Let u(f) = -4*f**2 - 8*f + 63. Calculate u(-5).
3
Let z(p) = -8*p**3 - p**2 + 20*p + 18. Calculate z(-1).
5
Let m(p) = -p**2 + 875*p - 6079. What is m(7)?
-3
Let f(a) = -9*a**3 + 2*a**2 - 20*a - 51. Determine f(-2).
69
Let p(l) = -2*l**2 + 20*l + 50. What is p(11)?
28
Let j(s) = 245*s**3 + 3*s**2 + 8*s - 7. Calculate j(1).
249
Let c(r) = -354*r + 1096. Calculate c(3).
34
Let h(a) = 2*a**3 - 8*a**2 - 6*a - 22. Give h(7).
230
Let z(g) = 93*g + 2036. Calculate z(-22).
-10
Let j(i) = i**3 - 2*i - 7. Give j(-4).
-63
Let v(g) = 2*g**3 + 62*g**2 + 96*g + 2983. Give v(-31).
7
Let n(h) = 6*h**2 - h - 993. What is n(13)?
8
Let j(q) = -q**2 - 99*q + 3614. Determine j(28).
58
Let g(q) = -q**3 - 62*q**2 + 885*q + 15. What is g(12)?
-21
Let f(l) = 21*l**2 - 317*l + 1627. Determine f(5).
567
Let d(r) = -2*r**2 + 51*r + 55. Give d(25).
80
Let b(n) = -n**2 - 23*n - 139. What is b(-17)?
-37
Let q(o) = 33*o**2 + 923*o + 3. Determine q(-28).
31
Let q(b) = 29*b**3 + 5*b**2 + 2*b - 5. Determine q(3).
829
Let b(a) = -10*a**2 + 1078*a + 216. Determine b(108).
0
Let b(f) = -f**3 + 30*f**2 - 69*f - 8. Calculate b(27).
316
Let j(q) = -4*q**2 + 74*q + 312. Give j(22).
4
Let p(h) = 2514*h + 27661. Determine p(-11).
7
Let s(h) = h**3 - 2*h**2 + 13*h - 11. Calculate s(3).
37
Let r(v) = -v**3 + v**2 + 30*v - 31. Calculate r(7).
-115
Let a(w) = w**3 + 14*w**2 + 44*w - 4. Determine a(-5).
1
Let g(o) = 173*o + 2914. Give g(-17).
-27
Let n(h) = -28*h + 233. Calculate n(15).
-187
Let g(b) = 3*b**2 + 89*b - 16. What is g(-31)?
108
Let b(p) = -12663*p - 17. What is b(0)?
-17
Let h(r) = -21*r**2 + 490*r + 986. What is h(-2)?
-78
Let q(j) = -77*j + 602. What is q(8)?
-14
Let g(l) = 3*l**3 - 29*l**2 + 278*l - 2322. Calculate g(9).
18
Let t(u) = u**3 - 12*u**2 + 19*u. Calculate t(4).
-52
Let t(p) = -4*p - 218. Determine t(-53).
-6
Let y(w) = -6*w**2 - 141*w + 384. Calculate y(-26).
-6
Let z(d) = 4*d**2 + 309*d - 16. Determine z(-77).
-93
Let u(m) = -130*m**2 - 13*m + 15. Determine u(1).
-128
Let i(f) = -f**3 - 208*f**2 - 1220*f - 52. Give i(-6).
-4
Let l(t) = -17*t - 78. Determine l(6).
-180
Let y(u) = u**2 - 1504*u - 10582. Give y(-7).
-5
Let l(q) = -35987*q + 11. Determine l(0).
11
Let c(f) = -36*f**2 + 15*f + 15. Calculate c(-1).
-36
Let l(p) = 21*p - 48. Give l(5).
57
Let y(z) = z**3 + 33*z**2 + 8*z + 12. Give y(-7).
1230
Let t(l) = 6*l**2 + 9*l - 9. Give t(5).
186
Let a(n) = -6*n**2 + 126*n + 134. Calculate a(22).
2
Let p(i) = i**2 + 61*i + 751. What is p(-45)?
31
Let p(r) = -r**3 + 105*r**2 + 1405*r + 10. Determine p(-12).
-2
Let n(c) = -107*c - 1961. Give n(-18).
-35
Let m(s) = 368*s + 12201. What is m(-33)?
57
Let a(v) = 13*v - 246. Determine a(21).
27
Let r(s) = -453*s - 10416. Give r(-23).
3
Let x(u) = u**3 - 15*u**2 + 65*u - 5. Determine x(7).
58
Let c(l) = l**3 + 72*l**2 - 76*l - 107. Determine c(-73).
112
Let h(f) = -2*f - 124. What is h(5)?
-134
Let o(m) = m**3 + 34*m**2 + 42*m + 496. Determine o(-33).
199
Let m(x) = 3*x**3 + 61*x**2 + 7*x - 273. Determine m(-20).
-13
Let q(w) = 15*w**3 - 40*w**2 - 33*w + 7. Determine q(-1).
-15
Let h(l) = -53*l - 4419. Calculate h(-82).
-73
Let r(i) = -i**2 + 12*i + 427. What is r(27)?
22
Let i(f) = -f**3 - 101*f**2 + 464*f + 4649. What is i(-105)?
29
Let x(l) = l**3 + 28*l**2 - 25*l + 48. Give x(-29).
-68
Let m(x) = -21*x**2 - 192*x - 10. Calculate m(-9).
17
Let h(m) = 259*m - 11353. Give h(44).
43
Let a(c) = -c**3 + 2*c**2 - 14*c - 45. Give a(-4).
107
Let h(l) = -l**3 + 3*l**2 + 28*l - 133. Determine h(6).
-73
Let z(t) = 6*t - 149. Give z(57).
193
Let q(n) = 32*n**2 + 18*n + 13. What is q(-3)?
247
Let m(y) = -42*y + 253. Determine m(6).
1
Let r(j) = -47*j + 319. What is r(12)?
-245
Let i(j) = -68*j**2 + 601*j + 13. Give i(9).
-86
Let y(q) = -2*q**3 + 20*q**2 + 39*q - 44.